 (5 + -15) - ((-2 - -36) + -8)
-21
What is (2 - (8 - -5)) + 8 - 1?
-4
Calculate (-22 - 0) + 88 + -75.
-9
What is (-43 - (-10 + -27)) + (-1 - -5)?
-2
What is the value of -1 + (4 + 2 + -6 - -8 - 4)?
3
Evaluate (9 - 14) + -8 + 29.
16
-12 - ((13 - 1) + -38)
14
Evaluate -1 + 25 + 10 - 20.
14
What is (241 - 244) + 1 + 1?
-1
Calculate -17 - (-27 + (-24 - -32)).
2
What is (-1 - -2 - -2) + 456 + -463 + 11?
7
What is the value of (-2 - (7 + -9 + 6)) + 7 + -17?
-16
What is the value of -5 + 19 + 1 - (67 + -39)?
-13
What is the value of 5 + (-2 + 0 + (8 - 2) - -4)?
13
What is the value of -16 + 1 + 1 + 121 + -119 - -9?
-3
-10 + 13 + -145 + 110
-32
Evaluate -5 - (2 + 15 + -6 + -6).
-10
What is 4 + 3 - (-4 - -1) - (-12 - -7)?
15
Calculate -20 + (34 - 21) - 16.
-23
Evaluate (-1 - -6 - (35 - 28)) + (-1 - -6).
3
What is the value of 7 + -3 + 0 + -2 + -7 + 13?
8
33 - (6 - (6 + (0 - (-11 + 18))))
26
Evaluate 2 + 23 + (7 - (3 - 7)).
36
Calculate 26 - 7 - ((0 - (3 - 9)) + 2).
11
Evaluate -6 + -4 + 18 + 1 - (13 - -2).
-6
Evaluate 19 + -17 + (4 - (3 + (-2 - -3))).
2
-1 - 14 - (372 + -390)
3
What is the value of -229 - -224 - (2 - -3)?
-10
Calculate (3 - 5) + 1 + -5 + 5 - -6.
5
What is the value of -1 - (4 + -6 + 9 - -4)?
-12
2 + -8 + (-5 - (3 - -3) - -2)
-15
What is the value of -14 + -8 - 6 - -26?
-2
What is (12 - 15 - -10) + 2 + (-2 - -2)?
9
Evaluate -56 + 22 - ((-4 - 4) + 17 + -6).
-37
What is the value of 45 + (7 - 12) + -10 + -2 - -1?
29
Evaluate 0 - (8 + -13 + 2).
3
Calculate 8 - -46 - (27 - 2).
29
Evaluate (-4 + 5 - -1) + 5 + -54 + 33.
-14
What is the value of -49 + (8 - 2) + (-13 - -21) + 0?
-35
Calculate -24 + -21 + 39 + 26.
20
Evaluate (4 - (18 - 37)) + -18 - 15.
-10
What is 2 + (-8 + 2 - (8 + -6))?
-6
4 + -1 - (4 - (0 - 1) - -1)
-3
0 + 5 + 1 + (-1 - -1 - 21)
-15
Evaluate 14 + -10 + 8 + -3 + 3 + -4.
8
Calculate -14 + 7 + -4 - (11 - 18).
-4
(-1 - (-4 + -2 + 9)) + -6
-10
-19 + 9 - -16 - (-3 + -2 + -1)
12
Calculate (-1 - -6) + 23 + -37 + 18.
9
What is the value of 5 + 1 - ((-30 - -12) + 6)?
18
What is (-237 - -235) + (-9 - 0) + 0?
-11
What is the value of 26 - (-11 + 0 - -36)?
1
What is -10 + 4 + (6 - (1 - (2 - -16)))?
17
Calculate (6 - (5 + -3 - 10)) + -6.
8
Calculate 0 + 4 + -38 + 7 - (4 - 9).
-22
(-10 - 3) + -31 + 48
4
Evaluate (-2 - -5 - -2) + -7 + -1 + 7.
4
Calculate 15 - (19 - (6 - -12 - 10)).
4
What is 2 + 16 - (8 - (2 - 5) - 4)?
11
52 + -56 - (2 + 5) - 5
-16
Calculate -17 + (-6 - (15 + -37)).
-1
What is the value of 8 - (6 + (8 - 11) - 10)?
15
What is 8 + 17 + -12 - (0 - -3)?
10
Evaluate (-8 - -26) + 8 - 46.
-20
Calculate ((2 - 0) + 2 - -2) + (152 - 155).
3
Calculate 7 - (8 - 6 - 12) - 5.
12
Calculate 13 - (-8 + 1 + 18) - (-3 - 0).
5
What is the value of -199 + 183 + (9 - (-1 + 3))?
-9
Calculate (7 - -6) + -12 + -10.
-9
Evaluate (20 + -12 - (-10 - -24)) + -14.
-20
-8 - -6 - (1 - (4 + 5))
6
What is 13 - (1 - -13 - 4 - (14 + -8))?
9
What is the value of 22 + -13 + -1 - ((-9 - -4) + 2)?
11
Calculate -13 + 6 - (14 - 14).
-7
Calculate -1018 + 1008 - (12 - 1).
-21
What is (-10 - -6) + 8 - -2 - 8?
-2
What is the value of (15 - -9) + 3 - 17 - -3?
13
Calculate 0 + 1 + -1 - (-10 - -5).
5
8 + -1 + (-33 - -17) - -14
5
Calculate (-3 - (-4 + -1)) + -4 + -13.
-15
What is the value of 10 - (-5 + -5 + 13 + 3) - 8?
-4
-12 + (5 + (-23 - -11) - -12)
-7
Evaluate (-23 - -32) + -2 - 29.
-22
Evaluate (48 - 55) + (17 - -2).
12
What is the value of -24 - (-76 - -42) - (-11 - (0 + 0))?
21
Evaluate -2735 + 2747 + (1 + 0 - 22).
-9
What is -1 + 8 - (419 - 402)?
-10
Calculate 4 + -6 + (-12 - (3 - -3 - -3)).
-23
Calculate 11 + 10 + -14 + 0 + -7 + 2.
2
What is the value of -4 + 0 - (7 - (1 + (-1 - -2)))?
-9
What is the value of -6 - 7 - (-52 + 15)?
24
Evaluate 3 + -6 - (-3 + 2 + -2 + -20).
20
What is 0 + 15 + -9 - (7 - 0) - 3?
-4
What is the value of -1 + 11 + -7 - (-2 + 14) - 8?
-17
What is 20 + (-7 - 12 - -2)?
3
427 - 419 - (-9 - (-2 - 0))
15
Calculate 19 + 2 + (29 + -19 - (-4 + 9)).
26
Evaluate (2 - 1 - 9) + (68 - 71).
-11
Evaluate 4 + -4 + (-14 + 14 - 5) - -10.
5
What is the value of (-128 - -120) + (-2 - 11)?
-21
What is (-15 + -9 - -29) + (4 - -23)?
32
What is the value of (-2128 - -2114) + -7 + (1 - 1)?
-21
What is -8 + (-5 - (6 - 15) - -10)?
6
Evaluate -25 - (-222 - -207 - (-26 - 0)).
-36
Calculate -29 + (-24 - (-14 - 47)).
8
What is -5 + (-2 - 4) + 14 - 19?
-16
What is the value of 0 - 1 - (61 + -27 - 38)?
3
What is -6 - (-32 + 16 + 6 - (-1 + 1))?
4
Calculate 27 - 36 - -23 - 25.
-11
What is the value of 24 + (-22 - (21 + -20))?
1
Evaluate -100 + 91 - (-1 + -33 + -3) - 9.
19
-4 + 7 + 12 + 0
15
0 + (-1 + (2 - -5) - 12) + -7
-13
What is -14 - -21 - (6 - (5 + -4))?
2
Evaluate -7 - (-3 - 22) - 3.
15
-1 + -6 + (5 - -2)
0
Evaluate -1542 + 1569 + 1 + -60.
-32
Calculate (9 - 2 - 8) + 13 - (1 - 7).
18
(-23 + -1 - (-30 + 19)) + -14
-27
Calculate -34 - -56 - (-14 - -40).
-4
Evaluate 23 - 18 - (-6 + (-5 - -5)).
11
What is the value of 5 - (2 + 7 + (-12 - -8) - -5)?
-5
What is (165 - 164) + 20 + 1?
22
What is the value of -26 - (-3 + -42 + 9)?
10
Calculate (-9 - 5) + 6 + 2 + 8.
2
What is (-5 + 2 + 6 + -5 - -14) + 4?
16
-12 + (1 - -9) + 48 + -48
-2
Calculate (24 - (21 - 12)) + -21 + 0 + 19.
13
What is (18 - 8) + -12 - (-5 - -20)?
-17
What is the value of 5 - (25 + (0 - 10))?
-10
What is -210 + 220 - (27 - 0)?
-17
What is the value of 24 - (18 + -19) - 17?
8
What is the value of 14 + -8 + (6 - 16) + 44?
40
Calculate 3 - (25 + -2 + -13).
-7
What is the value of -48 - -83 - (-1 + 9)?
27
What is (9 - -2) + (-125 - -108)?
-6
(3 - 20) + 36 - (23 + -3)
-1
Evaluate 4 + -13 + 13 + -17.
-13
What is the value of -17 + -2 + 0 + (-27 - (59 + -79))?
-26
Calculate (-2 - -3) + (12 - 9 - 8).
-4
Calculate -23 + (17 - (-29 + 8)).
15
What is the value of -1 + -1 + (-46 - (-17 + -12))?
-19
Evaluate (-3 - -1) + -2 - (35 + -20 + -3).
-16
-12 - (-179 - -194 - (-1 + -2))
-30
Calculate -7 - (-19 + 19 + -6) - (2 + 15).
-18
Calculate (1 - 29) + 35 + 12.
19
What is the value of 10 + -17 + 0 - -5 - -7?
5
Evaluate -1 + 19 - (-1640 - -1679).
-21
2 + -23 + 13 - (4 - -5)
-17
What is -12 + (22 - 15) + -9 + 5?
-9
Calculate (1139 - 1129) + (2 - (-2 - 0 - -24)).
-10
Calculate (-4 - 3) + (8 - 3) + (-16 - -12).
-6
What is (1 - -1) + 5 + 4 + (4 - 2)?
13
What is the value of -4 + 7 + -1 + 2 + 0 + -3?
1
Calculate (-4 - 5) + -64 + 72.
-1
What is the value of 39 - 36 - (-2 - -4 - -14)?
-13
Evaluate (-1 - 1) + 29 + -26 - -1.
2
What is 17 + -11 + 15 + -19?
2
Calculate (-1 - -17) + (-28 - -8).
-4
Evaluate -1 - (64 - (-18 - -44)).
-39
What is -42 + 46 - (-6 + 1) - 5?
4
What is the value of 15 + -10 + -8 + 25?
22
Calculate -9 + 5 + -3 + -1 + -2.
-10
What is -16 - -14 - (-7 - (-13 - 3))?
-11
0 + -1 + -1 + 24 + (9 - 16)
15
Evaluate -9 + 3 - (-10 - -7) - (0 + -3).
0
(7 + -4 + -13 - -17) + 0 + 16
23
-2 + 24 - (40 - (29 + 7))
18
What is the value of -34 + (-43 - -29) - -29?
-19
What is -13 - (16 + (16 - 26))?
-19
What is 25 + 11 - (75 - 33)?
-6
2 + 0 + (174 - 192)
-16
Calculate 3 - 1 - (59 + -65).
8
20 - 15 - (-1 - -7) - (-11 - -4)
6
0 + -15 - (-7 - -3) - (1 - 1)
-11
What is the value of -21 - ((-62 - -70) + -10 + (-3 - 2))?
-14
Calculate (0 - -34) + (-7 - (50 + -39)).
16
Calculate (3 - 3) + -5 + 4 + 3 - -2.
4
(-34 - -36) + (0 + -13 + 1 - -2)
-8
What is -8 + -4 + (8 - -7)?
3
-15 + (-7 - -18) - (-1 + 0 - -5)
-8
What is the value of 6 - 1 - (-10 + (6 - -25) + 9)?
-25
Evaluate 8 + -4 + 0 + 64 + -53 + 2.
17
Evaluate -8 - 1 - ((-14 - -3) + 14 - 3).
-9
What is the value of (-6 + -6 - -19) + (7 - 1) - -6?
19
What is (-1 - -1) + -1 - (-396 - -394)?
1
Calculate -17 - (-48 - -17) - 2.
12
What is 18 - (8 + -32 + -6 + 8)?
40
14 + -3 + -23 + 15
3
What is the value of -140 + 139 + -1 + -9?
-11
What is the value of -12 - 8 - -15 - (-9 - -27)?
-23
What is -30 + 52 - -3 - (-7 + 0)?
32
What is 2 + 3 - (-95 + 37 - -41)?
22
What is (20 - -2) + (-12 - -13 - 11)?
12
Evaluate -6 + 0 - (62 + -70).
2
What is 1 + 0 + (4 - -31) + -84 + 71?
23
What is the value of (-15 - -16) + 29 - 27?
3
What is (-21 - -15) + 6 + 0 - -12?
12
Calculate -10 + (-2 - (6 - -1 - 14)).
-5
Evaluate -20 + 1 + 6 + -13 + 48.
22
8 - (10 + 3) - -2 - (-9 - 0)
6
2 + 0 - ((-11 - -11) + -5)
7
Evaluate (5 + -4 - (-7 - -7 - 5)) + -6.
0
Evaluate -27 + 28 - (2 - (-1 + -3)) - -13.
8
Evaluate 2 + (9 - 1